{"id":485,"date":"2023-12-05T20:44:32","date_gmt":"2023-12-05T20:44:32","guid":{"rendered":"https:\/\/mbxglobal.cl\/?post_type=product&#038;p=485"},"modified":"2023-12-05T20:45:41","modified_gmt":"2023-12-05T20:45:41","slug":"pantalon-cargo-poplin-hombre","status":"publish","type":"product","link":"https:\/\/mbxglobal.cl\/index.php\/product\/pantalon-cargo-poplin-hombre\/","title":{"rendered":"PANTAL\u00d3N CARGO POPLIN HOMBRE"},"content":{"rendered":"<p>CARACTER\u00cdSTICAS<\/p>\n<ul>\n<li>Pierna recta con dos bolsillos diagonales (argentinos) y dos bolsillos laterales.<\/li>\n<li>Bolsillos con tapeta y velcro.<\/li>\n<li>Modelo sin pinzas y basta terminada.<\/li>\n<li>Tela poplin: 100% poli\u00e9ster. 170grs.<\/li>\n<\/ul>\n","protected":false},"excerpt":{"rendered":"<p>Pantal\u00f3n para actividades t\u00e9cnico-operativas tanto en espacios cerrados como al aire libre. Sus m\u00faltiples bolsillos facilitan el porte de herramientas y radio. Su dise\u00f1o con cintura elasticada y costuras en rodilla favorecen la movilidad del usuario.<\/p>\n<p>&nbsp;<\/p>\n","protected":false},"featured_media":479,"comment_status":"open","ping_status":"closed","template":"","meta":[],"product_brand":[],"product_cat":[29],"product_tag":[],"class_list":{"0":"post-485","1":"product","2":"type-product","3":"status-publish","4":"has-post-thumbnail","6":"product_cat-pantalones","8":"first","9":"instock","10":"shipping-taxable","11":"product-type-simple"},"_links":{"self":[{"href":"https:\/\/mbxglobal.cl\/index.php\/wp-json\/wp\/v2\/product\/485","targetHints":{"allow":["GET"]}}],"collection":[{"href":"https:\/\/mbxglobal.cl\/index.php\/wp-json\/wp\/v2\/product"}],"about":[{"href":"https:\/\/mbxglobal.cl\/index.php\/wp-json\/wp\/v2\/types\/product"}],"replies":[{"embeddable":true,"href":"https:\/\/mbxglobal.cl\/index.php\/wp-json\/wp\/v2\/comments?post=485"}],"wp:featuredmedia":[{"embeddable":true,"href":"https:\/\/mbxglobal.cl\/index.php\/wp-json\/wp\/v2\/media\/479"}],"wp:attachment":[{"href":"https:\/\/mbxglobal.cl\/index.php\/wp-json\/wp\/v2\/media?parent=485"}],"wp:term":[{"taxonomy":"product_brand","embeddable":true,"href":"https:\/\/mbxglobal.cl\/index.php\/wp-json\/wp\/v2\/product_brand?post=485"},{"taxonomy":"product_cat","embeddable":true,"href":"https:\/\/mbxglobal.cl\/index.php\/wp-json\/wp\/v2\/product_cat?post=485"},{"taxonomy":"product_tag","embeddable":true,"href":"https:\/\/mbxglobal.cl\/index.php\/wp-json\/wp\/v2\/product_tag?post=485"}],"curies":[{"name":"wp","href":"https:\/\/api.w.org\/{rel}","templated":true}]}}