{"id":510,"date":"2023-12-05T21:08:09","date_gmt":"2023-12-05T21:08:09","guid":{"rendered":"https:\/\/mbxglobal.cl\/?post_type=product&#038;p=510"},"modified":"2025-03-12T19:27:59","modified_gmt":"2025-03-12T19:27:59","slug":"poleron-polo","status":"publish","type":"product","link":"https:\/\/mbxglobal.cl\/index.php\/product\/poleron-polo\/","title":{"rendered":"POLERON POLO"},"content":{"rendered":"<p>CARACTACTERISTICAS<\/p>\n<ul>\n<li>POLERON POLO<\/li>\n<li>Modelo: Microfibra<\/li>\n<li>Composici\u00f3n de tela poli\u00e9ster 30% algod\u00f3n 65%.<\/li>\n<li>Plancha media (30-60 grados)<\/li>\n<\/ul>\n","protected":false},"excerpt":{"rendered":"<p>Prenda b\u00e1sica y vers\u00e1til, pensada para todo tipo de actividades y labores. Confeccionado en tela Franela, 65% algod\u00f3n 35% poli\u00e9ster, con cuello y pu\u00f1os en Ribb. Dise\u00f1o unisex. Ideal para bordado.<\/p>\n","protected":false},"featured_media":512,"comment_status":"open","ping_status":"closed","template":"","meta":[],"product_brand":[],"product_cat":[43],"product_tag":[],"class_list":{"0":"post-510","1":"product","2":"type-product","3":"status-publish","4":"has-post-thumbnail","6":"product_cat-micropolar-polerones","8":"first","9":"instock","10":"shipping-taxable","11":"product-type-simple"},"_links":{"self":[{"href":"https:\/\/mbxglobal.cl\/index.php\/wp-json\/wp\/v2\/product\/510","targetHints":{"allow":["GET"]}}],"collection":[{"href":"https:\/\/mbxglobal.cl\/index.php\/wp-json\/wp\/v2\/product"}],"about":[{"href":"https:\/\/mbxglobal.cl\/index.php\/wp-json\/wp\/v2\/types\/product"}],"replies":[{"embeddable":true,"href":"https:\/\/mbxglobal.cl\/index.php\/wp-json\/wp\/v2\/comments?post=510"}],"wp:featuredmedia":[{"embeddable":true,"href":"https:\/\/mbxglobal.cl\/index.php\/wp-json\/wp\/v2\/media\/512"}],"wp:attachment":[{"href":"https:\/\/mbxglobal.cl\/index.php\/wp-json\/wp\/v2\/media?parent=510"}],"wp:term":[{"taxonomy":"product_brand","embeddable":true,"href":"https:\/\/mbxglobal.cl\/index.php\/wp-json\/wp\/v2\/product_brand?post=510"},{"taxonomy":"product_cat","embeddable":true,"href":"https:\/\/mbxglobal.cl\/index.php\/wp-json\/wp\/v2\/product_cat?post=510"},{"taxonomy":"product_tag","embeddable":true,"href":"https:\/\/mbxglobal.cl\/index.php\/wp-json\/wp\/v2\/product_tag?post=510"}],"curies":[{"name":"wp","href":"https:\/\/api.w.org\/{rel}","templated":true}]}}