{"id":681,"date":"2025-03-12T18:34:03","date_gmt":"2025-03-12T18:34:03","guid":{"rendered":"https:\/\/mbxglobal.cl\/?post_type=product&#038;p=681"},"modified":"2025-03-12T18:34:03","modified_gmt":"2025-03-12T18:34:03","slug":"casaca-termica-pionner-impermeable","status":"publish","type":"product","link":"https:\/\/mbxglobal.cl\/index.php\/product\/casaca-termica-pionner-impermeable\/","title":{"rendered":"CASACA T\u00c9RMICA PIONNER IMPERMEABLE"},"content":{"rendered":"<ul>\n<li>Composici\u00f3n: 100% Poli\u00e9ster<\/li>\n<li>Gramaje: 240 Gramos<\/li>\n<li>G\u00e9nero: Hombre<\/li>\n<li>Tela: Microfibra<\/li>\n<li>Atributos:<br \/>\n&#8211; Capa De Goma<br \/>\n&#8211; Repelente Al Agua<br \/>\n&#8211; T\u00e9rmico<\/li>\n<li>Tipo De Manga: Manga Larga<\/li>\n<\/ul>\n","protected":false},"excerpt":{"rendered":"<p>La Casaca T\u00e9rmica Impermeable Pionner ofrece protecci\u00f3n sostenible con su capa de goma Ecolight, que repele el agua y garantiza durabilidad. Su componente t\u00e9rmico brinda calidez, mientras que su capacidad respirable asegura comodidad. Ideal para un estilo de vida activo, combina resistencia, innovaci\u00f3n y compromiso con el medio ambiente.<\/p>\n","protected":false},"featured_media":684,"comment_status":"open","ping_status":"closed","template":"","meta":[],"product_brand":[],"product_cat":[30],"product_tag":[],"class_list":{"0":"post-681","1":"product","2":"type-product","3":"status-publish","4":"has-post-thumbnail","6":"product_cat-chaquetas","8":"first","9":"instock","10":"shipping-taxable","11":"product-type-simple"},"_links":{"self":[{"href":"https:\/\/mbxglobal.cl\/index.php\/wp-json\/wp\/v2\/product\/681","targetHints":{"allow":["GET"]}}],"collection":[{"href":"https:\/\/mbxglobal.cl\/index.php\/wp-json\/wp\/v2\/product"}],"about":[{"href":"https:\/\/mbxglobal.cl\/index.php\/wp-json\/wp\/v2\/types\/product"}],"replies":[{"embeddable":true,"href":"https:\/\/mbxglobal.cl\/index.php\/wp-json\/wp\/v2\/comments?post=681"}],"wp:featuredmedia":[{"embeddable":true,"href":"https:\/\/mbxglobal.cl\/index.php\/wp-json\/wp\/v2\/media\/684"}],"wp:attachment":[{"href":"https:\/\/mbxglobal.cl\/index.php\/wp-json\/wp\/v2\/media?parent=681"}],"wp:term":[{"taxonomy":"product_brand","embeddable":true,"href":"https:\/\/mbxglobal.cl\/index.php\/wp-json\/wp\/v2\/product_brand?post=681"},{"taxonomy":"product_cat","embeddable":true,"href":"https:\/\/mbxglobal.cl\/index.php\/wp-json\/wp\/v2\/product_cat?post=681"},{"taxonomy":"product_tag","embeddable":true,"href":"https:\/\/mbxglobal.cl\/index.php\/wp-json\/wp\/v2\/product_tag?post=681"}],"curies":[{"name":"wp","href":"https:\/\/api.w.org\/{rel}","templated":true}]}}